 + (22 - 17)?
-4
What is the value of 7 - (3 + -1 + 8)?
-3
Calculate 37 + -19 - 18 - ((-9 - -4) + 8).
-3
What is the value of -18 - (9 - ((2 - 3) + 19))?
-9
What is (23 + 2 - (-13 - -25 - 9)) + -6?
16
What is the value of 4 + ((5 - 8) + -8 - -5) - 2?
-4
What is (0 + (-6 - -4) - -18) + -10 + 4?
10
What is the value of (-68 - -32) + 69 + -65?
-32
What is -3 - (-10 - 7) - 2?
12
Evaluate 6 - ((9 - 9 - 1) + 8).
-1
What is the value of 0 + 12 + (194 - 217)?
-11
What is the value of (0 - 12) + 1064 + -1072?
-20
What is the value of -4 - 1 - (-12 + -13 + (18 - -20))?
-18
What is 445 + -444 - (1 - 5)?
5
Evaluate -8 - (-53 - (-7 + -21)).
17
What is the value of -40 + 4 - (-17 - (-7 + (-2 - 4)))?
-32
What is (3 + -4 - -2) + 5 - (5 - 3)?
4
Calculate (1 - -6) + (-4 - ((-3 - 1) + 9)).
-2
Calculate (-15 - 2 - -11) + 3.
-3
What is -1 + (6 - 6) + (37 - 32)?
4
What is the value of -4 + (1 - (1 + -2)) + 557 + -561?
-6
Calculate (-4 - 0) + (-44 - -23) + 16.
-9
Evaluate (0 - 13) + (-4 + 0 - -6) + -2.
-13
30 - (24 + -15 - (3 + -5 + 6))
25
What is the value of (-5 - -2) + -21 + 29 + 7?
12
What is (-3 - (12 - 26)) + -19 - 14?
-22
What is 9 + (16 - 1) + -22?
2
What is the value of (3 - (2 + (-9 - -7) + -1)) + -32?
-28
Calculate (4 - (-8 - -12)) + (6 - 3) + 6.
9
What is the value of -18 - (10 + -1 - 40)?
13
What is the value of (38 + -44 - (1 + -2)) + 7?
2
Calculate 1438 - 1466 - (-1 - 15).
-12
What is -2 + -1 + (67 - 55) + 3?
12
What is the value of -22 - (-24 - 18 - -9) - (0 + 34)?
-23
Calculate -17 - (-17 - 9) - -2.
11
What is 28 + -13 + (2 - 1) + 6 + -8?
14
What is 1 + -1 + 19 + -39?
-20
Calculate 1 + (14 - 2) + 67 + -60.
20
Evaluate (-1 - (-4 + (-6 - -2))) + 2 + -18.
-9
Evaluate (14 - (6 + -2 - 0)) + 6 - 6.
10
5 + 9 + -4 + (-4 - (-5 + 9))
2
What is the value of 5 + (-5 + -12 - (-15 - 9))?
12
Calculate (-7 - 2) + 12 - (0 + 0 - 4).
7
0 - (7 + -19 + 14 - (-3 - -2))
-3
What is (63 + -4 - 21) + -37?
1
(4 - -9) + (12 - 2 - (-17 + 22))
18
What is -3 - (-6 - -22 - 31)?
12
Evaluate (-6 + 1 - -12) + 1 + (-27 - 11).
-30
Calculate 73 + -62 + 7 + (4 - 6) + -2.
14
What is -7 - (0 + 3 + -8)?
-2
What is 1 - -2 - (-17 - -31)?
-11
What is the value of (4 - (3 - 5)) + (17 - (-8 - -22))?
9
What is -7 - (-4 + (-1 - (0 + 0)))?
-2
Calculate -2 + 0 + -16 + (6 - (5 + -10)).
-7
(-13 - -3) + (77 - 61)
6
What is (-98 - -105) + (-3 - 19)?
-15
Calculate -5 + -10 + (-21 - -9 - -11).
-16
Calculate 5 + -3 + (1 - (6 + 4)) + 0.
-7
2 + -42 - (8 - 10 - -5 - 9)
-34
Calculate 1 - ((1 - -7) + 9 - 5).
-11
Evaluate (-23 + 61 - 23) + -19.
-4
Calculate 9 + -14 - ((-5 - 2) + -12).
14
Evaluate (-592 - -600) + 2 + 21.
31
What is the value of (-6 - 6) + 28 + (-13 - -11) - 12?
2
Calculate -5 + -6 + -8 + 7 + 11.
-1
Evaluate -1 + 3 + -15 + 3 + 9 + -2.
-3
What is (-15 - -27) + (1 - 15)?
-2
Calculate 78 + -40 + -17 + 2 + -15 + 2.
10
What is the value of -5 - (-3 - 6) - (-5 + 12 - 0)?
-3
Calculate -1 + 5 + (6 - (4 - -2)) - -6.
10
-4 - (22 + -8 + -22)
4
Evaluate -1 - 8 - (3 + 14 + -13).
-13
5 - (((-8 - -8) + 24 - 8) + -7)
-4
What is 8 - (-19 + -2) - -9?
38
Calculate -5 + 4 + -10 + 21.
10
Evaluate 11 + (-7 - (-7 + 8)).
3
-20 - (-40 + -4 + 59)
-35
Calculate 14 - (-33 - (31 - 45)).
33
Calculate (0 + 3 - (-5 - 2)) + -4.
6
What is the value of -67 - -63 - (3 + (0 - 2) + 0)?
-5
Calculate -12 - (-1 + -4 + 112 + -140).
21
6 + 3 - (-10 + 19) - 12
-12
Calculate 0 + 4 + 4 + -12 + 11.
7
What is 18 + 21 + -23 + -28?
-12
Evaluate -8 + 24 + 5 + (-2 - 1).
18
What is the value of -488 - -496 - (2 + 18)?
-12
Calculate (0 - (-5 + 0)) + (-1083 - -1062).
-16
What is the value of -22 - -2 - (-11 + (-23 + 25 - -3))?
-14
What is (2 - (10 + -28)) + -19?
1
What is the value of (-32 - -39) + -2 + -1?
4
What is (-27 - (-11 + -9)) + 12 + -4?
1
Calculate -1 + -7 + 7 + (-4 - -13).
8
Evaluate 9 - (14 + 13) - -9.
-9
Calculate -1 + -1 + 4 - (3 + -1).
0
Calculate (-9 + -2 - -9) + 3 - 17.
-16
Evaluate 4 + 0 + (172 - 183 - (-1 + -11)).
5
What is the value of 36 - 29 - (6 - -4)?
-3
What is -561 - -578 - (2 - 1)?
16
What is 20 + (-118 + 118 - (-1 + 11))?
10
What is the value of -1 + 6 - (-97 + 47 - -52)?
3
What is (3 - (-8 - -15) - -2) + -1 + 4?
1
Calculate -2 + (7 - (25 + 5)) + 2.
-23
Calculate (52 - 65) + 13 + -1.
-1
Evaluate 4 - (-7 + 2 - (-1 - 12)).
-4
What is the value of -7 - -8 - (6 + -2 + -5 - 2)?
4
(-6 - 1) + (0 - -2) + -4
-9
19 - (36 + -2 + -34)
19
What is the value of -5 + 0 + -3 + 26 + -22?
-4
What is the value of (2 - 5) + (7 - (-3 + 4 - -3))?
0
What is the value of 6 - (8 + -17 - -13)?
2
What is 2 + -8 + (8 - -2) + -15?
-11
Calculate -12 + 29 + 10 + -21.
6
What is the value of (-7 - -7) + 23 - (3 - 1)?
21
What is the value of 2 + (11 - (5 + -15)) - (-8 - -1)?
30
Evaluate 3 - (15 + -2 + 1 + 0).
-11
What is the value of (-3 - 4) + 11 - 17?
-13
Evaluate (6 - (19 - -1)) + -15 - 0.
-29
Evaluate 13 + -22 + 16 + -20.
-13
Evaluate -19 + 23 - (0 + 5) - (-21 + 27).
-7
Evaluate -7 - (-4 + (6 - 4)) - (-3 - 0).
-2
What is -10 + 0 - (-19 + (-30 - -45)) - -35?
29
Calculate (6 - 0) + (24 - (4 - -13)).
13
-1 + 19 + (-9 - -6) + -9
6
Calculate (-8 - 6) + -4 + 11 + -4 + 2.
-9
What is (1 - 14) + (21 - 18) - (3 + 0)?
-13
What is -2 - (-2 + 0 + -1)?
1
What is (5 - -9) + (1 - 10 - 1)?
4
What is the value of 2 + -1 + 10 + (-2415 - -2401)?
-3
What is -75 + 82 + (-6 - -2 - 4)?
-1
Calculate -2 - -1 - (23 - (17 - 2)).
-9
What is the value of -12 + 48 - 5 - (14 - 1)?
18
What is 0 + -9 - (-630 - -646)?
-25
What is -10 + 1 + (24 - (10 + 2 + 15))?
-12
(6 - (-4 + 33)) + 13
-10
-1 + -5 + -5 - (-33 - -4)
18
17 + 0 + -10 + -17 + 10
0
Calculate 8 - (0 - (-24 - -8)).
-8
What is the value of -20 + 0 - (-22 - 4)?
6
-6 + -3 + (16 - 3)
4
What is the value of (0 - 10) + 82 + -65 + -29?
-22
1 - (1 - (1 - (3 + 1 + 2)))
-5
1 + 0 - (9 - 55 - -39)
8
Calculate 19 - (1 + 15) - -13.
16
What is 31 - (-19 + 28 + 27)?
-5
Evaluate 0 - -3 - (-10 - (-7 + -6 + -4)).
-4
What is the value of (7 - -1) + -3 - (-6 - -8) - 6?
-3
What is the value of 6 + (1 - 0 - (61 - 30)) + 10?
-14
Evaluate -4 + 4 + (-1 - 11 - (0 + -6)).
-6
-21 - (4 + -24 - -8 - -8)
-17
What is the value of -3 + -5 - (-6 + 4 - -4)?
-10
Evaluate (2 - 7) + ((5 - 1) + -2 - -30).
27
What is the value of (20 - -1 - 26) + (0 - -6)?
1
Evaluate (26 - 28) + -9 + -2 + -2 + 6.
-9
What is the value of 11 - (-5 - (-10 + 8 + 2)) - 10?
6
What is -14 + 21 - ((2 - 19) + 51)?
-27
What is -1 + -15 + 428 + -398 - 50?
-36
-2 + -37 + 48 + 3 + -44
-32
Calculate (1 - (16 + 2)) + 9 + -8.
-16
What is -1 + 19 + (7 - 38)?
-13
Calculate 1 - 11 - (20 - (-17 - -37)).
-10
1 + -35 - (408 - 413)
-29
What is the value of 4 + -4 + -2 - -9 - 11?
-4
Calculate 1 + (32 - (35 - 35)).
33
Calculate -3 + (3 + 4 + -8 - 0) + 1.
-3
Calculate (5 - -5) + -13 + -3.
-6
Calculate 1528 + -1534 + 25 + -2.
17
What is (-47 + 24 - -24) + -11?
-10
What is -8 + 13 + 2 + (-2 - (-3 + 3))?
5
What is 6 - (8 + (6 - 2 - 10))?
4
What is the value of 22 - ((-20 - -10) + 12 - -7)?
13
Calculate -5 - (-11 - -27 - 30).
9
Evaluate -1 + (19 + -14 - 12) + 10.
2
Evaluate (37 - 119) + 36 - -11.
-35
Evaluate (1 + 3 + 0 - 0) + -16.
-12
Calculate (-5 - (-7 - 0)) + -2 + -9.
-9
Calculate 22 + -9 + 36 - (0 - -17).
32
What is 0 + (-1 + -4 - -6) + 31 + -4?
28
What is (-61 - -64) + -2 + (-3 - (1 - -17))?
-20
What is 4 + (-1 - 2 - 9) + 3 + -4?
-9
What is 1 + 10 + 9 + -10 - 20?
-10
What is the value of -7 + 0 + -78 + 72?
-13
0 + -20 + -7 + 7 + 5
-15
(-4 - -16 - 4) + -3 - (-35 - -27)
13
Evaluate 3 + 7 + 5 + -16 + (-3 - 2).
-6
Evaluate -15 - -14 - ((-29 - 1) + (28 - 30)).
31
What is the value of -14 + (8 - ((-2 - -2) + 7 + -2))?
-11
Evaluate -29 + 59 + 2 + -43.
-11
-5 + -5 + (0 - (-7 - -3))
-6
(26 - 8 - 16) + -5
-3
Calculate (9 + -22 - -1) + 10.
-2
What is -19 + (15 + 0 - (-9 + 18))?
-13
Evaluate 18 + (6 - 7 - -1) + (-18 - -10).
10
Evaluate -5 - (-5 - ((-20 - -1) + 44 + -44)).
-19
Evaluate (391 - 395) + (-1 + 1 - 4) + -1.
-9
Calculate 12 - ((6 - -2) + (6 - -5)).
-7
What is 6 - (8 - (-19 + 28 - (-1 + 2)))?
6
Calculate (13 + -10 + -2 - 24) + 7.
-16
-42 + 58 + 0 + -14
2
-6 + (-15 + 8 - (1 - 4) - -3)
-7
What is -40 + 47 - (0 + 9)?
-2
What is the value of 1 + 29 + 1502 + -1564?
-32
Calculate (220 - 228) + 1 + 16 - -12.
21
Calculate 2 + -12 + 14 + -15.
-11
What is the value of 34 - (42 + -1 + -31)?
24
What is the value of (-5 